{"id":1776,"date":"2025-01-04T20:44:12","date_gmt":"2025-01-04T19:44:12","guid":{"rendered":"https:\/\/www.mental-synergy.at\/Mental-Synergy\/?page_id=1776"},"modified":"2025-01-04T20:44:13","modified_gmt":"2025-01-04T19:44:13","slug":"arbeitspsychologische-coaching","status":"publish","type":"page","link":"https:\/\/www.mental-synergy.at\/Mental-Synergy\/arbeitspsychologische-coaching\/","title":{"rendered":"Arbeitspsychologisches Coaching"},"content":{"rendered":"\n<p>Das arbeitspsychologische Coaching (AC) setzt bei der individuellen Unterst\u00fctzung von Mitarbeiter:innen an. Es kann zum Beispiel eingesetzt werden, um die Motivation, Gesundheitskompetenzen, Stressbew\u00e4ltigungskompetenzen oder Kommunikationsf\u00e4higkeit von Mitarbeiter:innen zu st\u00e4rken. Dar\u00fcber hinaus bietet sich arbeitspsychologische Coaching an um belastete Mitarbeiter:innen bei betrieblichen Ver\u00e4nderungen, Umstrukturierungsma\u00dfnahmen, Krisen oder Konflikten mit Kolleg:innen\/Vorgesetzten in ihren Bew\u00e4ltigungskompetenzen zu st\u00e4rken.<\/p>\n\n\n\n<p>Im Coaching-Prozess wird der Mitarbeiter bef\u00e4higt, individuelle L\u00f6sungswege f\u00fcr berufliche Herausforderungen zu entwickeln und umzusetzen. Dabei geht es h\u00e4ufig auch um die F\u00f6rderung von Selbstmanagement-Kompetenzen sowie dem Erlernen neuer Strategien.<\/p>\n\n\n\n\n\n<figure class=\"wp-block-image size-large is-style-rounded\"><img loading=\"lazy\" decoding=\"async\" width=\"1024\" height=\"683\" src=\"https:\/\/www.mental-synergy.at\/Mental-Synergy\/wp-content\/uploads\/2025\/01\/WPS-Mario-Wien-Studio-Matphoto-4-1024x683.jpg\" alt=\"Mario Schuster beim Coaching\" class=\"wp-image-1777\" srcset=\"https:\/\/www.mental-synergy.at\/Mental-Synergy\/wp-content\/uploads\/2025\/01\/WPS-Mario-Wien-Studio-Matphoto-4-1024x683.jpg 1024w, https:\/\/www.mental-synergy.at\/Mental-Synergy\/wp-content\/uploads\/2025\/01\/WPS-Mario-Wien-Studio-Matphoto-4-300x200.jpg 300w, https:\/\/www.mental-synergy.at\/Mental-Synergy\/wp-content\/uploads\/2025\/01\/WPS-Mario-Wien-Studio-Matphoto-4-768x512.jpg 768w, https:\/\/www.mental-synergy.at\/Mental-Synergy\/wp-content\/uploads\/2025\/01\/WPS-Mario-Wien-Studio-Matphoto-4-1536x1024.jpg 1536w, https:\/\/www.mental-synergy.at\/Mental-Synergy\/wp-content\/uploads\/2025\/01\/WPS-Mario-Wien-Studio-Matphoto-4-2048x1365.jpg 2048w, https:\/\/www.mental-synergy.at\/Mental-Synergy\/wp-content\/uploads\/2025\/01\/WPS-Mario-Wien-Studio-Matphoto-4-50x33.jpg 50w, https:\/\/www.mental-synergy.at\/Mental-Synergy\/wp-content\/uploads\/2025\/01\/WPS-Mario-Wien-Studio-Matphoto-4-75x50.jpg 75w, https:\/\/www.mental-synergy.at\/Mental-Synergy\/wp-content\/uploads\/2025\/01\/WPS-Mario-Wien-Studio-Matphoto-4-100x67.jpg 100w, https:\/\/www.mental-synergy.at\/Mental-Synergy\/wp-content\/uploads\/2025\/01\/WPS-Mario-Wien-Studio-Matphoto-4-150x100.jpg 150w, https:\/\/www.mental-synergy.at\/Mental-Synergy\/wp-content\/uploads\/2025\/01\/WPS-Mario-Wien-Studio-Matphoto-4-960x640.jpg 960w, https:\/\/www.mental-synergy.at\/Mental-Synergy\/wp-content\/uploads\/2025\/01\/WPS-Mario-Wien-Studio-Matphoto-4-640x427.jpg 640w, https:\/\/www.mental-synergy.at\/Mental-Synergy\/wp-content\/uploads\/2025\/01\/WPS-Mario-Wien-Studio-Matphoto-4-1152x768.jpg 1152w, https:\/\/www.mental-synergy.at\/Mental-Synergy\/wp-content\/uploads\/2025\/01\/WPS-Mario-Wien-Studio-Matphoto-4-1620x1080.jpg 1620w, https:\/\/www.mental-synergy.at\/Mental-Synergy\/wp-content\/uploads\/2025\/01\/WPS-Mario-Wien-Studio-Matphoto-4-1920x1280.jpg 1920w\" sizes=\"auto, (max-width: 1024px) 100vw, 1024px\" \/><\/figure>\n\n\n\n<p>Beispiele, was im arbeitspsychologischen Coaching thematisiert werden kann:<\/p>\n\n\n\n<ul class=\"wp-block-list\">\n<li>Allgemeine Reduktion von psychischen Belastungen<\/li>\n\n\n\n<li>Arbeit im Team<\/li>\n\n\n\n<li>Arbeitszufriedenheit und Wohlbefinden<\/li>\n\n\n\n<li>Burnout-Pr\u00e4vention<\/li>\n\n\n\n<li>Gesundheitskompetenzen<\/li>\n\n\n\n<li>Karriereplanung und berufliche Entwicklung<\/li>\n\n\n\n<li>Kommunikation<\/li>\n\n\n\n<li>Konfliktmanagement<\/li>\n\n\n\n<li>Motivation<\/li>\n\n\n\n<li>Selbstmanagement und Zeitmanagement<\/li>\n\n\n\n<li>Stressbew\u00e4ltigung<\/li>\n\n\n\n<li>Umgang mit k\u00f6rperlichen Belastungen in der Arbeit<\/li>\n\n\n\n<li>Umgang mit Ver\u00e4nderungen und Krisen<\/li>\n\n\n\n<li>Work-Life-Balance<\/li>\n\n\n\n<li>Zielsetzung und Produktivit\u00e4tsoptimierung<\/li>\n<\/ul>\n\n\n\n<p class=\"has-black-color has-pale-pink-background-color has-text-color has-background has-link-color wp-elements-df0a84352970648c274c269e02350693\">Das arbeitspsychologische Coaching ersetzt keine Behandlung von psychischen Erkrankungen oder St\u00f6rungen. Sollte im Rahmen des arbeitspsychologischen Coachings der Verdacht entstehen, dass eine behandlungsw\u00fcrdige Erkrankung oder St\u00f6rung vorliegen, so werden betroffene Klient:innen durch den Coach konkret darauf aufmerksam gemacht, ohne dass eine Diagnose gestellt wird. Vielmehr werden Klient:innen ersucht dies bei klinischen Psycholog:innen oder Psychotherapeut:innen abkl\u00e4ren zu lassen und sich bei Bedarf behandeln zu lassen.<\/p>\n\n\n\n<p>&nbsp;<\/p>\n\n\n","protected":false},"excerpt":{"rendered":"<p>Das arbeitspsychologische Coaching (AC) setzt bei der individuellen Unterst\u00fctzung von Mitarbeiter:innen an. Es kann zum Beispiel eingesetzt werden, um die Motivation, Gesundheitskompetenzen, Stressbew\u00e4ltigungskompetenzen oder Kommunikationsf\u00e4higkeit von Mitarbeiter:innen zu st\u00e4rken. Dar\u00fcber hinaus bietet sich arbeitspsychologische Coaching an um belastete Mitarbeiter:innen bei<\/p>\n","protected":false},"author":1,"featured_media":0,"parent":0,"menu_order":0,"comment_status":"closed","ping_status":"closed","template":"","meta":{"_exactmetrics_skip_tracking":false,"_exactmetrics_sitenote_active":false,"_exactmetrics_sitenote_note":"","_exactmetrics_sitenote_category":0,"footnotes":""},"class_list":["post-1776","page","type-page","status-publish","hentry","","tg-column-two"],"yoast_head":"<!-- This site is optimized with the Yoast SEO plugin v27.3 - https:\/\/yoast.com\/product\/yoast-seo-wordpress\/ -->\n<title>Arbeitspsychologisches Coaching<\/title>\n<meta name=\"robots\" content=\"index, follow, max-snippet:-1, max-image-preview:large, max-video-preview:-1\" \/>\n<link rel=\"canonical\" href=\"https:\/\/www.mental-synergy.at\/Mental-Synergy\/arbeitspsychologische-coaching\/\" \/>\n<meta property=\"og:locale\" content=\"de_DE\" \/>\n<meta property=\"og:type\" content=\"article\" \/>\n<meta property=\"og:title\" content=\"Arbeitspsychologisches Coaching\" \/>\n<meta property=\"og:description\" content=\"Das arbeitspsychologische Coaching (AC) setzt bei der individuellen Unterst\u00fctzung von Mitarbeiter:innen an. Es kann zum Beispiel eingesetzt werden, um die Motivation, Gesundheitskompetenzen, Stressbew\u00e4ltigungskompetenzen oder Kommunikationsf\u00e4higkeit von Mitarbeiter:innen zu st\u00e4rken. Dar\u00fcber hinaus bietet sich arbeitspsychologische Coaching an um belastete Mitarbeiter:innen bei\" \/>\n<meta property=\"og:url\" content=\"https:\/\/www.mental-synergy.at\/Mental-Synergy\/arbeitspsychologische-coaching\/\" \/>\n<meta property=\"og:site_name\" content=\"Mental Synergy\" \/>\n<meta property=\"article:publisher\" content=\"https:\/\/www.facebook.com\/Mental-Synergy-1578283905805144\/\" \/>\n<meta property=\"article:modified_time\" content=\"2025-01-04T19:44:13+00:00\" \/>\n<meta property=\"og:image\" content=\"https:\/\/www.mental-synergy.at\/Mental-Synergy\/wp-content\/uploads\/2025\/01\/WPS-Mario-Wien-Studio-Matphoto-4-scaled.jpg\" \/>\n\t<meta property=\"og:image:width\" content=\"2560\" \/>\n\t<meta property=\"og:image:height\" content=\"1707\" \/>\n\t<meta property=\"og:image:type\" content=\"image\/jpeg\" \/>\n<meta name=\"twitter:card\" content=\"summary_large_image\" \/>\n<meta name=\"twitter:site\" content=\"@SynergyMario\" \/>\n<meta name=\"twitter:label1\" content=\"Gesch\u00e4tzte Lesezeit\" \/>\n\t<meta name=\"twitter:data1\" content=\"2\u00a0Minuten\" \/>\n<script type=\"application\/ld+json\" class=\"yoast-schema-graph\">{\"@context\":\"https:\\\/\\\/schema.org\",\"@graph\":[{\"@type\":\"WebPage\",\"@id\":\"https:\\\/\\\/www.mental-synergy.at\\\/Mental-Synergy\\\/arbeitspsychologische-coaching\\\/\",\"url\":\"https:\\\/\\\/www.mental-synergy.at\\\/Mental-Synergy\\\/arbeitspsychologische-coaching\\\/\",\"name\":\"Arbeitspsychologisches Coaching\",\"isPartOf\":{\"@id\":\"https:\\\/\\\/www.mental-synergy.at\\\/Mental-Synergy\\\/#website\"},\"primaryImageOfPage\":{\"@id\":\"https:\\\/\\\/www.mental-synergy.at\\\/Mental-Synergy\\\/arbeitspsychologische-coaching\\\/#primaryimage\"},\"image\":{\"@id\":\"https:\\\/\\\/www.mental-synergy.at\\\/Mental-Synergy\\\/arbeitspsychologische-coaching\\\/#primaryimage\"},\"thumbnailUrl\":\"https:\\\/\\\/www.mental-synergy.at\\\/Mental-Synergy\\\/wp-content\\\/uploads\\\/2025\\\/01\\\/WPS-Mario-Wien-Studio-Matphoto-4-1024x683.jpg\",\"datePublished\":\"2025-01-04T19:44:12+00:00\",\"dateModified\":\"2025-01-04T19:44:13+00:00\",\"breadcrumb\":{\"@id\":\"https:\\\/\\\/www.mental-synergy.at\\\/Mental-Synergy\\\/arbeitspsychologische-coaching\\\/#breadcrumb\"},\"inLanguage\":\"de\",\"potentialAction\":[{\"@type\":\"ReadAction\",\"target\":[\"https:\\\/\\\/www.mental-synergy.at\\\/Mental-Synergy\\\/arbeitspsychologische-coaching\\\/\"]}]},{\"@type\":\"ImageObject\",\"inLanguage\":\"de\",\"@id\":\"https:\\\/\\\/www.mental-synergy.at\\\/Mental-Synergy\\\/arbeitspsychologische-coaching\\\/#primaryimage\",\"url\":\"https:\\\/\\\/www.mental-synergy.at\\\/Mental-Synergy\\\/wp-content\\\/uploads\\\/2025\\\/01\\\/WPS-Mario-Wien-Studio-Matphoto-4-scaled.jpg\",\"contentUrl\":\"https:\\\/\\\/www.mental-synergy.at\\\/Mental-Synergy\\\/wp-content\\\/uploads\\\/2025\\\/01\\\/WPS-Mario-Wien-Studio-Matphoto-4-scaled.jpg\",\"width\":2560,\"height\":1707,\"caption\":\"Mario Schuster beim Coaching\"},{\"@type\":\"BreadcrumbList\",\"@id\":\"https:\\\/\\\/www.mental-synergy.at\\\/Mental-Synergy\\\/arbeitspsychologische-coaching\\\/#breadcrumb\",\"itemListElement\":[{\"@type\":\"ListItem\",\"position\":1,\"name\":\"Startseite\",\"item\":\"https:\\\/\\\/www.mental-synergy.at\\\/Mental-Synergy\\\/\"},{\"@type\":\"ListItem\",\"position\":2,\"name\":\"Arbeitspsychologisches Coaching\"}]},{\"@type\":\"WebSite\",\"@id\":\"https:\\\/\\\/www.mental-synergy.at\\\/Mental-Synergy\\\/#website\",\"url\":\"https:\\\/\\\/www.mental-synergy.at\\\/Mental-Synergy\\\/\",\"name\":\"Mental Synergy\",\"description\":\"Connecting Mental Worlds\",\"publisher\":{\"@id\":\"https:\\\/\\\/www.mental-synergy.at\\\/Mental-Synergy\\\/#organization\"},\"potentialAction\":[{\"@type\":\"SearchAction\",\"target\":{\"@type\":\"EntryPoint\",\"urlTemplate\":\"https:\\\/\\\/www.mental-synergy.at\\\/Mental-Synergy\\\/?s={search_term_string}\"},\"query-input\":{\"@type\":\"PropertyValueSpecification\",\"valueRequired\":true,\"valueName\":\"search_term_string\"}}],\"inLanguage\":\"de\"},{\"@type\":\"Organization\",\"@id\":\"https:\\\/\\\/www.mental-synergy.at\\\/Mental-Synergy\\\/#organization\",\"name\":\"Mental Synergy\",\"url\":\"https:\\\/\\\/www.mental-synergy.at\\\/Mental-Synergy\\\/\",\"logo\":{\"@type\":\"ImageObject\",\"inLanguage\":\"de\",\"@id\":\"https:\\\/\\\/www.mental-synergy.at\\\/Mental-Synergy\\\/#\\\/schema\\\/logo\\\/image\\\/\",\"url\":\"https:\\\/\\\/www.mental-synergy.at\\\/Mental-Synergy\\\/wp-content\\\/uploads\\\/2017\\\/03\\\/MentalSynergy_Logo_Hoch-e1563041177531.png\",\"contentUrl\":\"https:\\\/\\\/www.mental-synergy.at\\\/Mental-Synergy\\\/wp-content\\\/uploads\\\/2017\\\/03\\\/MentalSynergy_Logo_Hoch-e1563041177531.png\",\"width\":250,\"height\":343,\"caption\":\"Mental Synergy\"},\"image\":{\"@id\":\"https:\\\/\\\/www.mental-synergy.at\\\/Mental-Synergy\\\/#\\\/schema\\\/logo\\\/image\\\/\"},\"sameAs\":[\"https:\\\/\\\/www.facebook.com\\\/Mental-Synergy-1578283905805144\\\/\",\"https:\\\/\\\/x.com\\\/SynergyMario\",\"https:\\\/\\\/www.instagram.com\\\/mentalsynergy\\\/\",\"https:\\\/\\\/www.linkedin.com\\\/in\\\/mario-schuster-5226b5128\\\/\",\"https:\\\/\\\/www.youtube.com\\\/channel\\\/UCE0lAgKOJtv4vZ83Ov3HiIg\"]}]}<\/script>\n<!-- \/ Yoast SEO plugin. -->","yoast_head_json":{"title":"Arbeitspsychologisches Coaching","robots":{"index":"index","follow":"follow","max-snippet":"max-snippet:-1","max-image-preview":"max-image-preview:large","max-video-preview":"max-video-preview:-1"},"canonical":"https:\/\/www.mental-synergy.at\/Mental-Synergy\/arbeitspsychologische-coaching\/","og_locale":"de_DE","og_type":"article","og_title":"Arbeitspsychologisches Coaching","og_description":"Das arbeitspsychologische Coaching (AC) setzt bei der individuellen Unterst\u00fctzung von Mitarbeiter:innen an. Es kann zum Beispiel eingesetzt werden, um die Motivation, Gesundheitskompetenzen, Stressbew\u00e4ltigungskompetenzen oder Kommunikationsf\u00e4higkeit von Mitarbeiter:innen zu st\u00e4rken. Dar\u00fcber hinaus bietet sich arbeitspsychologische Coaching an um belastete Mitarbeiter:innen bei","og_url":"https:\/\/www.mental-synergy.at\/Mental-Synergy\/arbeitspsychologische-coaching\/","og_site_name":"Mental Synergy","article_publisher":"https:\/\/www.facebook.com\/Mental-Synergy-1578283905805144\/","article_modified_time":"2025-01-04T19:44:13+00:00","og_image":[{"width":2560,"height":1707,"url":"https:\/\/www.mental-synergy.at\/Mental-Synergy\/wp-content\/uploads\/2025\/01\/WPS-Mario-Wien-Studio-Matphoto-4-scaled.jpg","type":"image\/jpeg"}],"twitter_card":"summary_large_image","twitter_site":"@SynergyMario","twitter_misc":{"Gesch\u00e4tzte Lesezeit":"2\u00a0Minuten"},"schema":{"@context":"https:\/\/schema.org","@graph":[{"@type":"WebPage","@id":"https:\/\/www.mental-synergy.at\/Mental-Synergy\/arbeitspsychologische-coaching\/","url":"https:\/\/www.mental-synergy.at\/Mental-Synergy\/arbeitspsychologische-coaching\/","name":"Arbeitspsychologisches Coaching","isPartOf":{"@id":"https:\/\/www.mental-synergy.at\/Mental-Synergy\/#website"},"primaryImageOfPage":{"@id":"https:\/\/www.mental-synergy.at\/Mental-Synergy\/arbeitspsychologische-coaching\/#primaryimage"},"image":{"@id":"https:\/\/www.mental-synergy.at\/Mental-Synergy\/arbeitspsychologische-coaching\/#primaryimage"},"thumbnailUrl":"https:\/\/www.mental-synergy.at\/Mental-Synergy\/wp-content\/uploads\/2025\/01\/WPS-Mario-Wien-Studio-Matphoto-4-1024x683.jpg","datePublished":"2025-01-04T19:44:12+00:00","dateModified":"2025-01-04T19:44:13+00:00","breadcrumb":{"@id":"https:\/\/www.mental-synergy.at\/Mental-Synergy\/arbeitspsychologische-coaching\/#breadcrumb"},"inLanguage":"de","potentialAction":[{"@type":"ReadAction","target":["https:\/\/www.mental-synergy.at\/Mental-Synergy\/arbeitspsychologische-coaching\/"]}]},{"@type":"ImageObject","inLanguage":"de","@id":"https:\/\/www.mental-synergy.at\/Mental-Synergy\/arbeitspsychologische-coaching\/#primaryimage","url":"https:\/\/www.mental-synergy.at\/Mental-Synergy\/wp-content\/uploads\/2025\/01\/WPS-Mario-Wien-Studio-Matphoto-4-scaled.jpg","contentUrl":"https:\/\/www.mental-synergy.at\/Mental-Synergy\/wp-content\/uploads\/2025\/01\/WPS-Mario-Wien-Studio-Matphoto-4-scaled.jpg","width":2560,"height":1707,"caption":"Mario Schuster beim Coaching"},{"@type":"BreadcrumbList","@id":"https:\/\/www.mental-synergy.at\/Mental-Synergy\/arbeitspsychologische-coaching\/#breadcrumb","itemListElement":[{"@type":"ListItem","position":1,"name":"Startseite","item":"https:\/\/www.mental-synergy.at\/Mental-Synergy\/"},{"@type":"ListItem","position":2,"name":"Arbeitspsychologisches Coaching"}]},{"@type":"WebSite","@id":"https:\/\/www.mental-synergy.at\/Mental-Synergy\/#website","url":"https:\/\/www.mental-synergy.at\/Mental-Synergy\/","name":"Mental Synergy","description":"Connecting Mental Worlds","publisher":{"@id":"https:\/\/www.mental-synergy.at\/Mental-Synergy\/#organization"},"potentialAction":[{"@type":"SearchAction","target":{"@type":"EntryPoint","urlTemplate":"https:\/\/www.mental-synergy.at\/Mental-Synergy\/?s={search_term_string}"},"query-input":{"@type":"PropertyValueSpecification","valueRequired":true,"valueName":"search_term_string"}}],"inLanguage":"de"},{"@type":"Organization","@id":"https:\/\/www.mental-synergy.at\/Mental-Synergy\/#organization","name":"Mental Synergy","url":"https:\/\/www.mental-synergy.at\/Mental-Synergy\/","logo":{"@type":"ImageObject","inLanguage":"de","@id":"https:\/\/www.mental-synergy.at\/Mental-Synergy\/#\/schema\/logo\/image\/","url":"https:\/\/www.mental-synergy.at\/Mental-Synergy\/wp-content\/uploads\/2017\/03\/MentalSynergy_Logo_Hoch-e1563041177531.png","contentUrl":"https:\/\/www.mental-synergy.at\/Mental-Synergy\/wp-content\/uploads\/2017\/03\/MentalSynergy_Logo_Hoch-e1563041177531.png","width":250,"height":343,"caption":"Mental Synergy"},"image":{"@id":"https:\/\/www.mental-synergy.at\/Mental-Synergy\/#\/schema\/logo\/image\/"},"sameAs":["https:\/\/www.facebook.com\/Mental-Synergy-1578283905805144\/","https:\/\/x.com\/SynergyMario","https:\/\/www.instagram.com\/mentalsynergy\/","https:\/\/www.linkedin.com\/in\/mario-schuster-5226b5128\/","https:\/\/www.youtube.com\/channel\/UCE0lAgKOJtv4vZ83Ov3HiIg"]}]}},"rttpg_featured_image_url":null,"rttpg_author":{"display_name":"Mario Schuster","author_link":"https:\/\/www.mental-synergy.at\/Mental-Synergy\/author\/mental-synergy\/"},"rttpg_comment":0,"rttpg_category":null,"rttpg_excerpt":"Das arbeitspsychologische Coaching (AC) setzt bei der individuellen Unterst\u00fctzung von Mitarbeiter:innen an. Es kann zum Beispiel eingesetzt werden, um die Motivation, Gesundheitskompetenzen, Stressbew\u00e4ltigungskompetenzen oder Kommunikationsf\u00e4higkeit von Mitarbeiter:innen zu st\u00e4rken. Dar\u00fcber hinaus bietet sich arbeitspsychologische Coaching an um belastete Mitarbeiter:innen bei","_links":{"self":[{"href":"https:\/\/www.mental-synergy.at\/Mental-Synergy\/wp-json\/wp\/v2\/pages\/1776","targetHints":{"allow":["GET"]}}],"collection":[{"href":"https:\/\/www.mental-synergy.at\/Mental-Synergy\/wp-json\/wp\/v2\/pages"}],"about":[{"href":"https:\/\/www.mental-synergy.at\/Mental-Synergy\/wp-json\/wp\/v2\/types\/page"}],"author":[{"embeddable":true,"href":"https:\/\/www.mental-synergy.at\/Mental-Synergy\/wp-json\/wp\/v2\/users\/1"}],"replies":[{"embeddable":true,"href":"https:\/\/www.mental-synergy.at\/Mental-Synergy\/wp-json\/wp\/v2\/comments?post=1776"}],"version-history":[{"count":0,"href":"https:\/\/www.mental-synergy.at\/Mental-Synergy\/wp-json\/wp\/v2\/pages\/1776\/revisions"}],"wp:attachment":[{"href":"https:\/\/www.mental-synergy.at\/Mental-Synergy\/wp-json\/wp\/v2\/media?parent=1776"}],"curies":[{"name":"wp","href":"https:\/\/api.w.org\/{rel}","templated":true}]}}