{"id":16,"date":"2016-08-31T00:50:47","date_gmt":"2016-08-30T22:50:47","guid":{"rendered":"http:\/\/www.mental-synergy.at\/Mental-Synergy\/?page_id=16"},"modified":"2023-02-03T19:37:13","modified_gmt":"2023-02-03T18:37:13","slug":"privat-mental","status":"publish","type":"page","link":"https:\/\/www.mental-synergy.at\/Mental-Synergy\/privat-mental\/","title":{"rendered":"Privat Mental"},"content":{"rendered":"<p><em>Du hast selbst sportliche, berufliche oder private Ziele?<\/em><em><img loading=\"lazy\" decoding=\"async\" class=\"size-medium wp-image-420 alignright\" src=\"https:\/\/www.mental-synergy.at\/Mental-Synergy\/wp-content\/uploads\/2016\/08\/Business-Arbeit-Hetzen-Achtsamkeit-pb-300x212.jpg\" alt=\"Mann hetzt zur Arbeit!\" width=\"300\" height=\"212\" srcset=\"https:\/\/www.mental-synergy.at\/Mental-Synergy\/wp-content\/uploads\/2016\/08\/Business-Arbeit-Hetzen-Achtsamkeit-pb-300x212.jpg 300w, https:\/\/www.mental-synergy.at\/Mental-Synergy\/wp-content\/uploads\/2016\/08\/Business-Arbeit-Hetzen-Achtsamkeit-pb-768x543.jpg 768w, https:\/\/www.mental-synergy.at\/Mental-Synergy\/wp-content\/uploads\/2016\/08\/Business-Arbeit-Hetzen-Achtsamkeit-pb-1024x724.jpg 1024w, https:\/\/www.mental-synergy.at\/Mental-Synergy\/wp-content\/uploads\/2016\/08\/Business-Arbeit-Hetzen-Achtsamkeit-pb.jpg 1280w\" sizes=\"auto, (max-width: 300px) 100vw, 300px\" \/><\/em><\/p>\n<p>Ein <strong>Mentaltraining<\/strong> kann dir beim Verfolgen deiner Ziele helfen einen klaren Kopf zu bekommen und <strong>mentale Energie zu tanken. <\/strong>Dies hilft dir um in herausfordernden Situationen auf der Spur zu bleiben. Wenn du an einem pers\u00f6nlichen Mentaltraining interessiert bist und unterschiedliche <strong>mentale Techniken<\/strong> zur Entspannung (Atem, PMR, Autogenes Training, Visualisierung, Resets, etc.) oder Aktivierung erlernen m\u00f6chtest, dann entscheide dich daf\u00fcr mich zu kontaktieren um einen pers\u00f6nlichen <strong>Termin f\u00fcr ein Erstgespr\u00e4ch<\/strong> zu vereinbaren.<\/p>\n<p><span style=\"text-decoration: underline;\">Kosten<\/span>:<\/p>\n<p><em>\u20ac 90,- f\u00fcr 60 Minuten<\/em><\/p>\n<p><strong><a href=\"https:\/\/www.mental-synergy.at\/Mental-Synergy\/?page_id=21\"><em><span style=\"text-decoration: underline;\"><span style=\"font-size: 14pt;\">Stelle hier die Anfrage f\u00fcr ein Erstgespr\u00e4ch&#8230;<\/span><\/span><\/em><\/a><\/strong><\/p>\n<p>(Kennenlerngespr\u00e4ch zur Abkl\u00e4rung des Anliegens ist kostenlos)<\/p>\n<p><span style=\"color: #ff0000;\">\u00a0<\/span><\/p>\n<p><img loading=\"lazy\" decoding=\"async\" class=\"alignleft wp-image-421 size-large\" src=\"https:\/\/www.mental-synergy.at\/Mental-Synergy\/wp-content\/uploads\/2016\/08\/relaxation_woman-pb-1024x685.jpg\" alt=\"Mentaltraining einer jungen Dame am Strand!\" width=\"720\" height=\"482\" srcset=\"https:\/\/www.mental-synergy.at\/Mental-Synergy\/wp-content\/uploads\/2016\/08\/relaxation_woman-pb-1024x685.jpg 1024w, https:\/\/www.mental-synergy.at\/Mental-Synergy\/wp-content\/uploads\/2016\/08\/relaxation_woman-pb-300x201.jpg 300w, https:\/\/www.mental-synergy.at\/Mental-Synergy\/wp-content\/uploads\/2016\/08\/relaxation_woman-pb-768x514.jpg 768w, https:\/\/www.mental-synergy.at\/Mental-Synergy\/wp-content\/uploads\/2016\/08\/relaxation_woman-pb.jpg 1280w\" sizes=\"auto, (max-width: 720px) 100vw, 720px\" \/><\/p>\n","protected":false},"excerpt":{"rendered":"<p>Du hast selbst sportliche, berufliche oder private Ziele? Ein Mentaltraining kann dir beim Verfolgen deiner Ziele helfen einen klaren Kopf zu bekommen und mentale Energie zu tanken. Dies hilft dir um in herausfordernden Situationen auf der Spur zu bleiben. Wenn<\/p>\n","protected":false},"author":1,"featured_media":0,"parent":0,"menu_order":0,"comment_status":"closed","ping_status":"closed","template":"","meta":{"_exactmetrics_skip_tracking":false,"_exactmetrics_sitenote_active":false,"_exactmetrics_sitenote_note":"","_exactmetrics_sitenote_category":0,"footnotes":""},"class_list":["post-16","page","type-page","status-publish","hentry","","tg-column-two"],"yoast_head":"<!-- This site is optimized with the Yoast SEO plugin v27.1.1 - https:\/\/yoast.com\/product\/yoast-seo-wordpress\/ -->\n<title>Mentaltraining f\u00fcr Privatpersonen<\/title>\n<meta name=\"robots\" content=\"index, follow, max-snippet:-1, max-image-preview:large, max-video-preview:-1\" \/>\n<link rel=\"canonical\" href=\"https:\/\/www.mental-synergy.at\/Mental-Synergy\/privat-mental\/\" \/>\n<meta property=\"og:locale\" content=\"de_DE\" \/>\n<meta property=\"og:type\" content=\"article\" \/>\n<meta property=\"og:title\" content=\"Mentaltraining f\u00fcr Privatpersonen\" \/>\n<meta property=\"og:description\" content=\"Du hast selbst sportliche, berufliche oder private Ziele? Ein Mentaltraining kann dir beim Verfolgen deiner Ziele helfen einen klaren Kopf zu bekommen und mentale Energie zu tanken. Dies hilft dir um in herausfordernden Situationen auf der Spur zu bleiben. Wenn\" \/>\n<meta property=\"og:url\" content=\"https:\/\/www.mental-synergy.at\/Mental-Synergy\/privat-mental\/\" \/>\n<meta property=\"og:site_name\" content=\"Mental Synergy\" \/>\n<meta property=\"article:publisher\" content=\"https:\/\/www.facebook.com\/Mental-Synergy-1578283905805144\/\" \/>\n<meta property=\"article:modified_time\" content=\"2023-02-03T18:37:13+00:00\" \/>\n<meta property=\"og:image\" content=\"http:\/\/www.mental-synergy.at\/Mental-Synergy\/wp-content\/uploads\/2016\/08\/Business-Arbeit-Hetzen-Achtsamkeit-pb-300x212.jpg\" \/>\n<meta name=\"twitter:card\" content=\"summary_large_image\" \/>\n<meta name=\"twitter:site\" content=\"@SynergyMario\" \/>\n<meta name=\"twitter:label1\" content=\"Gesch\u00e4tzte Lesezeit\" \/>\n\t<meta name=\"twitter:data1\" content=\"1\u00a0Minute\" \/>\n<script type=\"application\/ld+json\" class=\"yoast-schema-graph\">{\"@context\":\"https:\/\/schema.org\",\"@graph\":[{\"@type\":\"WebPage\",\"@id\":\"https:\/\/www.mental-synergy.at\/Mental-Synergy\/privat-mental\/\",\"url\":\"https:\/\/www.mental-synergy.at\/Mental-Synergy\/privat-mental\/\",\"name\":\"Mentaltraining f\u00fcr Privatpersonen\",\"isPartOf\":{\"@id\":\"https:\/\/www.mental-synergy.at\/Mental-Synergy\/#website\"},\"primaryImageOfPage\":{\"@id\":\"https:\/\/www.mental-synergy.at\/Mental-Synergy\/privat-mental\/#primaryimage\"},\"image\":{\"@id\":\"https:\/\/www.mental-synergy.at\/Mental-Synergy\/privat-mental\/#primaryimage\"},\"thumbnailUrl\":\"http:\/\/www.mental-synergy.at\/Mental-Synergy\/wp-content\/uploads\/2016\/08\/Business-Arbeit-Hetzen-Achtsamkeit-pb-300x212.jpg\",\"datePublished\":\"2016-08-30T22:50:47+00:00\",\"dateModified\":\"2023-02-03T18:37:13+00:00\",\"breadcrumb\":{\"@id\":\"https:\/\/www.mental-synergy.at\/Mental-Synergy\/privat-mental\/#breadcrumb\"},\"inLanguage\":\"de\",\"potentialAction\":[{\"@type\":\"ReadAction\",\"target\":[\"https:\/\/www.mental-synergy.at\/Mental-Synergy\/privat-mental\/\"]}]},{\"@type\":\"ImageObject\",\"inLanguage\":\"de\",\"@id\":\"https:\/\/www.mental-synergy.at\/Mental-Synergy\/privat-mental\/#primaryimage\",\"url\":\"http:\/\/www.mental-synergy.at\/Mental-Synergy\/wp-content\/uploads\/2016\/08\/Business-Arbeit-Hetzen-Achtsamkeit-pb-300x212.jpg\",\"contentUrl\":\"http:\/\/www.mental-synergy.at\/Mental-Synergy\/wp-content\/uploads\/2016\/08\/Business-Arbeit-Hetzen-Achtsamkeit-pb-300x212.jpg\"},{\"@type\":\"BreadcrumbList\",\"@id\":\"https:\/\/www.mental-synergy.at\/Mental-Synergy\/privat-mental\/#breadcrumb\",\"itemListElement\":[{\"@type\":\"ListItem\",\"position\":1,\"name\":\"Startseite\",\"item\":\"https:\/\/www.mental-synergy.at\/Mental-Synergy\/\"},{\"@type\":\"ListItem\",\"position\":2,\"name\":\"Privat Mental\"}]},{\"@type\":\"WebSite\",\"@id\":\"https:\/\/www.mental-synergy.at\/Mental-Synergy\/#website\",\"url\":\"https:\/\/www.mental-synergy.at\/Mental-Synergy\/\",\"name\":\"Mental Synergy\",\"description\":\"Connecting Mental Worlds\",\"publisher\":{\"@id\":\"https:\/\/www.mental-synergy.at\/Mental-Synergy\/#organization\"},\"potentialAction\":[{\"@type\":\"SearchAction\",\"target\":{\"@type\":\"EntryPoint\",\"urlTemplate\":\"https:\/\/www.mental-synergy.at\/Mental-Synergy\/?s={search_term_string}\"},\"query-input\":{\"@type\":\"PropertyValueSpecification\",\"valueRequired\":true,\"valueName\":\"search_term_string\"}}],\"inLanguage\":\"de\"},{\"@type\":\"Organization\",\"@id\":\"https:\/\/www.mental-synergy.at\/Mental-Synergy\/#organization\",\"name\":\"Mental Synergy\",\"url\":\"https:\/\/www.mental-synergy.at\/Mental-Synergy\/\",\"logo\":{\"@type\":\"ImageObject\",\"inLanguage\":\"de\",\"@id\":\"https:\/\/www.mental-synergy.at\/Mental-Synergy\/#\/schema\/logo\/image\/\",\"url\":\"https:\/\/www.mental-synergy.at\/Mental-Synergy\/wp-content\/uploads\/2017\/03\/MentalSynergy_Logo_Hoch-e1563041177531.png\",\"contentUrl\":\"https:\/\/www.mental-synergy.at\/Mental-Synergy\/wp-content\/uploads\/2017\/03\/MentalSynergy_Logo_Hoch-e1563041177531.png\",\"width\":250,\"height\":343,\"caption\":\"Mental Synergy\"},\"image\":{\"@id\":\"https:\/\/www.mental-synergy.at\/Mental-Synergy\/#\/schema\/logo\/image\/\"},\"sameAs\":[\"https:\/\/www.facebook.com\/Mental-Synergy-1578283905805144\/\",\"https:\/\/x.com\/SynergyMario\",\"https:\/\/www.instagram.com\/mentalsynergy\/\",\"https:\/\/www.linkedin.com\/in\/mario-schuster-5226b5128\/\",\"https:\/\/www.youtube.com\/channel\/UCE0lAgKOJtv4vZ83Ov3HiIg\"]}]}<\/script>\n<!-- \/ Yoast SEO plugin. -->","yoast_head_json":{"title":"Mentaltraining f\u00fcr Privatpersonen","robots":{"index":"index","follow":"follow","max-snippet":"max-snippet:-1","max-image-preview":"max-image-preview:large","max-video-preview":"max-video-preview:-1"},"canonical":"https:\/\/www.mental-synergy.at\/Mental-Synergy\/privat-mental\/","og_locale":"de_DE","og_type":"article","og_title":"Mentaltraining f\u00fcr Privatpersonen","og_description":"Du hast selbst sportliche, berufliche oder private Ziele? Ein Mentaltraining kann dir beim Verfolgen deiner Ziele helfen einen klaren Kopf zu bekommen und mentale Energie zu tanken. Dies hilft dir um in herausfordernden Situationen auf der Spur zu bleiben. Wenn","og_url":"https:\/\/www.mental-synergy.at\/Mental-Synergy\/privat-mental\/","og_site_name":"Mental Synergy","article_publisher":"https:\/\/www.facebook.com\/Mental-Synergy-1578283905805144\/","article_modified_time":"2023-02-03T18:37:13+00:00","og_image":[{"url":"http:\/\/www.mental-synergy.at\/Mental-Synergy\/wp-content\/uploads\/2016\/08\/Business-Arbeit-Hetzen-Achtsamkeit-pb-300x212.jpg","type":"","width":"","height":""}],"twitter_card":"summary_large_image","twitter_site":"@SynergyMario","twitter_misc":{"Gesch\u00e4tzte Lesezeit":"1\u00a0Minute"},"schema":{"@context":"https:\/\/schema.org","@graph":[{"@type":"WebPage","@id":"https:\/\/www.mental-synergy.at\/Mental-Synergy\/privat-mental\/","url":"https:\/\/www.mental-synergy.at\/Mental-Synergy\/privat-mental\/","name":"Mentaltraining f\u00fcr Privatpersonen","isPartOf":{"@id":"https:\/\/www.mental-synergy.at\/Mental-Synergy\/#website"},"primaryImageOfPage":{"@id":"https:\/\/www.mental-synergy.at\/Mental-Synergy\/privat-mental\/#primaryimage"},"image":{"@id":"https:\/\/www.mental-synergy.at\/Mental-Synergy\/privat-mental\/#primaryimage"},"thumbnailUrl":"http:\/\/www.mental-synergy.at\/Mental-Synergy\/wp-content\/uploads\/2016\/08\/Business-Arbeit-Hetzen-Achtsamkeit-pb-300x212.jpg","datePublished":"2016-08-30T22:50:47+00:00","dateModified":"2023-02-03T18:37:13+00:00","breadcrumb":{"@id":"https:\/\/www.mental-synergy.at\/Mental-Synergy\/privat-mental\/#breadcrumb"},"inLanguage":"de","potentialAction":[{"@type":"ReadAction","target":["https:\/\/www.mental-synergy.at\/Mental-Synergy\/privat-mental\/"]}]},{"@type":"ImageObject","inLanguage":"de","@id":"https:\/\/www.mental-synergy.at\/Mental-Synergy\/privat-mental\/#primaryimage","url":"http:\/\/www.mental-synergy.at\/Mental-Synergy\/wp-content\/uploads\/2016\/08\/Business-Arbeit-Hetzen-Achtsamkeit-pb-300x212.jpg","contentUrl":"http:\/\/www.mental-synergy.at\/Mental-Synergy\/wp-content\/uploads\/2016\/08\/Business-Arbeit-Hetzen-Achtsamkeit-pb-300x212.jpg"},{"@type":"BreadcrumbList","@id":"https:\/\/www.mental-synergy.at\/Mental-Synergy\/privat-mental\/#breadcrumb","itemListElement":[{"@type":"ListItem","position":1,"name":"Startseite","item":"https:\/\/www.mental-synergy.at\/Mental-Synergy\/"},{"@type":"ListItem","position":2,"name":"Privat Mental"}]},{"@type":"WebSite","@id":"https:\/\/www.mental-synergy.at\/Mental-Synergy\/#website","url":"https:\/\/www.mental-synergy.at\/Mental-Synergy\/","name":"Mental Synergy","description":"Connecting Mental Worlds","publisher":{"@id":"https:\/\/www.mental-synergy.at\/Mental-Synergy\/#organization"},"potentialAction":[{"@type":"SearchAction","target":{"@type":"EntryPoint","urlTemplate":"https:\/\/www.mental-synergy.at\/Mental-Synergy\/?s={search_term_string}"},"query-input":{"@type":"PropertyValueSpecification","valueRequired":true,"valueName":"search_term_string"}}],"inLanguage":"de"},{"@type":"Organization","@id":"https:\/\/www.mental-synergy.at\/Mental-Synergy\/#organization","name":"Mental Synergy","url":"https:\/\/www.mental-synergy.at\/Mental-Synergy\/","logo":{"@type":"ImageObject","inLanguage":"de","@id":"https:\/\/www.mental-synergy.at\/Mental-Synergy\/#\/schema\/logo\/image\/","url":"https:\/\/www.mental-synergy.at\/Mental-Synergy\/wp-content\/uploads\/2017\/03\/MentalSynergy_Logo_Hoch-e1563041177531.png","contentUrl":"https:\/\/www.mental-synergy.at\/Mental-Synergy\/wp-content\/uploads\/2017\/03\/MentalSynergy_Logo_Hoch-e1563041177531.png","width":250,"height":343,"caption":"Mental Synergy"},"image":{"@id":"https:\/\/www.mental-synergy.at\/Mental-Synergy\/#\/schema\/logo\/image\/"},"sameAs":["https:\/\/www.facebook.com\/Mental-Synergy-1578283905805144\/","https:\/\/x.com\/SynergyMario","https:\/\/www.instagram.com\/mentalsynergy\/","https:\/\/www.linkedin.com\/in\/mario-schuster-5226b5128\/","https:\/\/www.youtube.com\/channel\/UCE0lAgKOJtv4vZ83Ov3HiIg"]}]}},"rttpg_featured_image_url":null,"rttpg_author":{"display_name":"Mario Schuster","author_link":"https:\/\/www.mental-synergy.at\/Mental-Synergy\/author\/mental-synergy\/"},"rttpg_comment":0,"rttpg_category":null,"rttpg_excerpt":"Du hast selbst sportliche, berufliche oder private Ziele? Ein Mentaltraining kann dir beim Verfolgen deiner Ziele helfen einen klaren Kopf zu bekommen und mentale Energie zu tanken. Dies hilft dir um in herausfordernden Situationen auf der Spur zu bleiben. Wenn","_links":{"self":[{"href":"https:\/\/www.mental-synergy.at\/Mental-Synergy\/wp-json\/wp\/v2\/pages\/16","targetHints":{"allow":["GET"]}}],"collection":[{"href":"https:\/\/www.mental-synergy.at\/Mental-Synergy\/wp-json\/wp\/v2\/pages"}],"about":[{"href":"https:\/\/www.mental-synergy.at\/Mental-Synergy\/wp-json\/wp\/v2\/types\/page"}],"author":[{"embeddable":true,"href":"https:\/\/www.mental-synergy.at\/Mental-Synergy\/wp-json\/wp\/v2\/users\/1"}],"replies":[{"embeddable":true,"href":"https:\/\/www.mental-synergy.at\/Mental-Synergy\/wp-json\/wp\/v2\/comments?post=16"}],"version-history":[{"count":0,"href":"https:\/\/www.mental-synergy.at\/Mental-Synergy\/wp-json\/wp\/v2\/pages\/16\/revisions"}],"wp:attachment":[{"href":"https:\/\/www.mental-synergy.at\/Mental-Synergy\/wp-json\/wp\/v2\/media?parent=16"}],"curies":[{"name":"wp","href":"https:\/\/api.w.org\/{rel}","templated":true}]}}